{"id":24,"date":"2010-03-19T19:52:18","date_gmt":"2010-03-19T18:52:18","guid":{"rendered":"http:\/\/jpmdesign.eu\/windmuehle\/?page_id=24"},"modified":"2024-04-01T17:47:15","modified_gmt":"2024-04-01T15:47:15","slug":"24-2","status":"publish","type":"page","link":"https:\/\/windmuehle-westhoyel.de\/?page_id=24","title":{"rendered":"Verein"},"content":{"rendered":"<p>Im Jahr 2010 \u00a0feiert der Verein zur Restaurierung und Erhaltung der Westhoyeler Windm\u00fchle sein 25j\u00e4hriges Bestehen. Man sollte es kaum glauben, dass es schon so lange her ist, dass die M\u00fchlenfreunde begonnen haben aus dem alten halb verfallenen M\u00fchlenensemble ein Schmuckst\u00fcck zu gestalten, das weit \u00fcber die \u00f6rtlichen und Landesgrenzen hinaus Freunde und Anh\u00e4nger gefunden hat.<\/p>\n<p>Die M\u00fchlenfreunde haben viel M\u00fche und Arbeit, Flei\u00df und Herzblut darauf verwendet, das Ensemble zu restaurieren und zu erhalten. Mehr noch, seit 20 Jahren f\u00fcllen sie das ganze mit Leben durch ihre Mahl- und Backtage in den Sommermonaten. Diese Mahl- und Backtage sind inzwischen ein fester Bestandteil im kulturellen Leben von Riemsloh und der Stadt Melle. Die vielschichtigen Aktivit\u00e4ten neben der eigentlichen Darstellung des Mahlens und Backens um die Jahrhundertwende zeigen, dass gro\u00dfes Interesse an der Handwerksgeschichte besteht.<\/p>\n<p>Allen Helferinnen und Helfern wie auch den Besuchern sei an dieser Stelle noch einmal herzlich f\u00fcr Hilfe und Interesse gedankt.<\/p>\n<p><strong>Warum sind alte M\u00fchlen erhaltenswert?<br \/>\n<\/strong>In einer Zeit rasanter technischer Neuerungen mit un\u00fcberschaubaren, oft intuitiv als bedrohlich empfundenen Folgen werden die seit einigen Jahren landesweit betriebenen M\u00fchlenrestaurierungen von einigen als verfehlte Verherrlichung von zum Gl\u00fcck l\u00e4ngst \u00fcberholten Techniken angesehen, w\u00e4hrend andere diese Bestrebungen als Erhaltung lebendiger Zeugnisse einer noch \u201aheilen Welt\u2018 in\u00a0 der vorgeblich \u201aguten al ten Zeit\u2018 guthei\u00dfen.<\/p>\n<p>Beide Sichtweisen haben Schw\u00e4chen: Die Gangbarmachung alten Handwerksger\u00e4tes mit gelegentlichen Vorf\u00fchrungen au\u00dferhalb von Museen ist ohne Zweifel bestens dazu geeignet, einer breiten Bev\u00f6lkerungsschicht \u00fcberlieferte Techniken eindrucksvoll vor Augen zu f\u00fchren. Demonstrationen vor Ort, im Nahbereich der D\u00f6rfer und St\u00e4dte haben sicher einen anderen Stellenwert als Museumsvorf\u00fchrungen, zumal dann, wenn \u00e4ltere Mitb\u00fcrger, die \u201adas alles noch selbst erlebt haben\u2018, einbezogen werden k\u00f6nnen und ggf. selbst mit Rat und Tat zur Seite stehen.<\/p>\n<p>Andererseits ist der Hinweis angebracht, da\u00df damals die Sterblichkeit viel h\u00f6her war als heute, andauernde soziale Spannungen schwelten zwischen den Klassen, das t\u00e4gliche Leben erforderte mehr und vor allem viel mehr k\u00f6rperliche Arbeit als heute, Freizeit gab es kaum oder gar nicht. Eine \u201aheile Welt\u2018\u00a0 existierte also sicher nicht. Daf\u00fcr hatte das Leben vielleicht andere Qualit\u00e4ten: War der gemeinsame Plausch auf der Bank vor dem Haus abends nach getaner Arbeit wo m\u00f6glich dem Verfolgen dutzender Fernsehprogramme vorzu ziehen?<br \/>\nWenn die Besucherinnen und Besucher des Westhoyeler Wallholl\u00e4nders die Gelegenheit nutzen, einen Blick in die Vergangenheit zu werfen, nur einmal bewu\u00dft den Geruch frisch gemahlenen Mehls in der Nase haben, sich am Anblick der drehenden Windm\u00fchlenfl\u00fcgel erfreuen und den Unter schied zwischen fertig verpacktem Brot aus der Brotfabrik und dem Weg vom Korn zum Brot vor 50 bis 100 Jahren haut nah erleben, dann hat sich die Restaurierung und Erhaltung der alten Windm\u00fchle gelohnt.<\/p>\n<p><strong>Zur Vereinsgeschichte<br \/>\n<\/strong>Der Verein zur Restaurierung und Erhaltung der Westhoyeler Windm\u00fchle e.V. wurde am 12. 12. 1985 in der ehemaligen Gastst\u00e4tte Belke in Riemsloh gegr\u00fcndet. Die 19 Teilnehmer der Gr\u00fcndungsversammlung w\u00e4hlten den folgenden Gr\u00fcndungsvorstand:<\/p>\n<ul>\n<li>1. Vorsitzender\u00a0 \u00a0 G\u00fcnter Oberschmidt<\/li>\n<li>2. Vorsitzender \u00a0 \u00a0 Herbert B\u00e4umer<\/li>\n<li>Kassenwart \u00a0 \u00a0 \u00a0 \u00a0 Josef Rohling \u2020<\/li>\n<li>Schriftf\u00fchrer\u00a0 \u00a0 \u00a0 \u00a0 Hermann T\u00f6nsing \u2020<\/li>\n<li>Bauwart\u00a0 \u00a0 \u00a0 \u00a0 \u00a0 \u00a0 \u00a0 Harald Heckmann \u2020<\/li>\n<\/ul>\n<p>Die M\u00fchle befand sich in einem Zustand, der umfangreiche Restaurierungsarbeiten notwendig machte.<br \/>\nIm Anschlu\u00df an die Geb\u00e4udesicherung wurde der folgende Zeitplan aufgestellt:<\/p>\n<ul>\n<li>1986 \u00a0 \u00a0 \u00a0 Planungsarbeiten und Abnahme der M\u00fchlenkappe<\/li>\n<li>1987 \u00a0 \u00a0 \u00a0 Nachbau und Wiederaufsetzen der Kappe<\/li>\n<li>1988 \u00a0 \u00a0 \u00a0 Restaurierung des M\u00fchlenturmes<\/li>\n<li>1989 \u00a0 \u00a0 \u00a0 Restaurierung des gehenden Werkes<\/li>\n<li>1990 \u00a0 \u00a0 \u00a0 Neubau\/Einbau des Fl\u00fcgelkreuzes und Inbetriebnahme<\/li>\n<li>1992\/93\u00a0 Renovierung des M\u00fcllerhauses<\/li>\n<li>1994\/95\u00a0 Aufbau des Backhauses<\/li>\n<\/ul>\n<p>Die 1985 angefertigte detaillierte Kostenaufstellung f\u00fcr die Bezuschussung des Projektes wird hier kurz zusammengefa\u00dft (nur Gesamtkosten):<\/p>\n<table border=\"0\" width=\"38%\" cellspacing=\"0\" cellpadding=\"0\" align=\"left\">\n<tbody>\n<tr>\n<td>\n<table border=\"0\" width=\"100%\" cellspacing=\"3\" cellpadding=\"0\">\n<tbody>\n<tr>\n<td width=\"53%\">Windm\u00fchle<\/td>\n<td width=\"46%\">303.000,- DM<\/td>\n<\/tr>\n<tr>\n<td width=\"53%\">M\u00fcllerhaus<\/td>\n<td width=\"46%\">123.000,- DM<\/td>\n<\/tr>\n<tr>\n<td width=\"53%\">Au\u00dfen anlagen<\/td>\n<td width=\"46%\">28.500,- DM<\/td>\n<\/tr>\n<tr>\n<td width=\"53%\"><strong>Summe <\/strong><\/td>\n<td width=\"46%\">454.500,- DM<\/td>\n<\/tr>\n<tr>\n<td width=\"53%\">&#8211; Eigenleistung (20%)<\/td>\n<td width=\"46%\">90.900,- DM<\/td>\n<\/tr>\n<tr>\n<td width=\"53%\">+ MWSt. (14%)<\/td>\n<td width=\"46%\">50.904,- DM<\/td>\n<\/tr>\n<tr>\n<td width=\"53%\"><strong><span style=\"text-decoration: underline;\">Gesamt<\/span><\/strong><\/td>\n<td width=\"46%\"><strong><span style=\"text-decoration: underline;\">414.504,- DM<\/span><\/strong><\/td>\n<\/tr>\n<\/tbody>\n<\/table>\n<\/td>\n<\/tr>\n<\/tbody>\n<\/table>\n<p>Die Finanzierung erstreckte sich \u00fcber 5 Jahre und ging von folgender Kostenaufteilung aus:<\/p>\n<ul>\n<li>30%\u00a0 \u00a0 \u00a0 \u00a0 Landeszusch\u00fcsse<\/li>\n<li>15%\u00a0 \u00a0 \u00a0 \u00a0 Landkreis Osnabr\u00fcck<\/li>\n<li>10%\u00a0 \u00a0 \u00a0 \u00a0 Landschaftsverband Osnabr\u00fcck und Klosterkammer Hannover<\/li>\n<li>7.5% \u00a0 \u00a0 \u00a0 Stadt Melle<\/li>\n<li>17.5%\u00a0 \u00a0 Spenden<\/li>\n<li>20%\u00a0 \u00a0 \u00a0 \u00a0 Eigenleistung<\/li>\n<\/ul>\n<p>Sowohl der Planungszeitraum als auch der Finanzrahmen wurden genau eingehalten. Die Windm\u00fchle wurde am Nieders\u00e4chsischen M\u00fchlentag 1990 mittels Windkraft wieder in Betrieb genommen.<br \/>\nDas neben der M\u00fchle stehende M\u00fcllerhaus aus Ziegelsteinen mit einem angebauten Fachwerktrakt (der als Viehstall diente) ist hinsichtlich seiner Entstehung nicht datierbar, es wurde vermutlich in mehreren Abschnitten gebaut. Nach umfangreichen Renovierungsarbeiten wurde das ehemalige M\u00fcllerhaus am 31.5.1993 (Nieders\u00e4chsischer M\u00fchlentag) seiner Bestimmung als Vereinshaus \u00fcbergeben. Der Verein nahm danach den Aufbau eines Backhauses auf dem Gel\u00e4nde der Windm\u00fchle in Angriff. Dieses Projekt wurde im Juni 1995 beendet. Seitdem k\u00f6nnen Besucher in Westhoyel den Weg \u201avom Korn zum Brot\u2018 vollst\u00e4ndig erleben.<\/p>\n<p>Der derzeitige Vorstand dankt allen, die durch Einsatzbereitschaft und ehrenamtliche T\u00e4tigkeiten zum Gelingen des Vorhabens beigetragen haben.<\/p>\n<ul>\n<li>Jan Petering (1. Vorsitzender)<\/li>\n<li>Werner Schweer (2. Vorsitzender)<\/li>\n<li>Konstantin Strohmeyer (Kassenwart)<\/li>\n<li>Ulrich Paschke (Schriftf\u00fchrer)<\/li>\n<li>Werner Schweer (Bauwart)<\/li>\n<\/ul>\n","protected":false},"excerpt":{"rendered":"<p>Im Jahr 2010 \u00a0feiert der Verein zur Restaurierung und Erhaltung der Westhoyeler Windm\u00fchle sein 25j\u00e4hriges Bestehen. Man sollte es kaum glauben, dass es schon so lange her ist, dass die M\u00fchlenfreunde begonnen haben aus dem alten halb verfallenen M\u00fchlenensemble ein Schmuckst\u00fcck zu gestalten, das weit \u00fcber die \u00f6rtlichen und Landesgrenzen hinaus Freunde und Anh\u00e4nger gefunden hat. Die M\u00fchlenfreunde haben viel M\u00fche und Arbeit, Flei\u00df und Herzblut darauf verwendet, das Ensemble zu restaurieren und zu erhalten. Mehr noch, seit 20 Jahren&#8230;<\/p>\n<p class=\"read-more\"><a class=\"btn btn-default\" href=\"https:\/\/windmuehle-westhoyel.de\/?page_id=24\">Weiterlesen<span class=\"screen-reader-text\"> Weiterlesen<\/span><\/a><\/p>\n","protected":false},"author":2,"featured_media":0,"parent":0,"menu_order":5,"comment_status":"closed","ping_status":"closed","template":"","meta":{"footnotes":""},"class_list":["post-24","page","type-page","status-publish","hentry"],"_links":{"self":[{"href":"https:\/\/windmuehle-westhoyel.de\/index.php?rest_route=\/wp\/v2\/pages\/24","targetHints":{"allow":["GET"]}}],"collection":[{"href":"https:\/\/windmuehle-westhoyel.de\/index.php?rest_route=\/wp\/v2\/pages"}],"about":[{"href":"https:\/\/windmuehle-westhoyel.de\/index.php?rest_route=\/wp\/v2\/types\/page"}],"author":[{"embeddable":true,"href":"https:\/\/windmuehle-westhoyel.de\/index.php?rest_route=\/wp\/v2\/users\/2"}],"replies":[{"embeddable":true,"href":"https:\/\/windmuehle-westhoyel.de\/index.php?rest_route=%2Fwp%2Fv2%2Fcomments&post=24"}],"version-history":[{"count":4,"href":"https:\/\/windmuehle-westhoyel.de\/index.php?rest_route=\/wp\/v2\/pages\/24\/revisions"}],"predecessor-version":[{"id":3471,"href":"https:\/\/windmuehle-westhoyel.de\/index.php?rest_route=\/wp\/v2\/pages\/24\/revisions\/3471"}],"wp:attachment":[{"href":"https:\/\/windmuehle-westhoyel.de\/index.php?rest_route=%2Fwp%2Fv2%2Fmedia&parent=24"}],"curies":[{"name":"wp","href":"https:\/\/api.w.org\/{rel}","templated":true}]}}